{"id":57346,"date":"2018-08-23T12:53:10","date_gmt":"2018-08-23T10:53:10","guid":{"rendered":"https:\/\/terra-bratislava.sk\/product\/abeceskonyv-1-resz-szivarvany\/"},"modified":"2021-10-20T09:53:36","modified_gmt":"2021-10-20T07:53:36","slug":"slabikar-1-cast","status":"publish","type":"product","link":"https:\/\/terra-bratislava.sk\/sk\/produkt\/slabikar-1-cast\/","title":{"rendered":"\u0160labik\u00e1r- 1.\u010das\u0165"},"content":{"rendered":"<p>\u0160labik\u00e1r je spracovan\u00fd do dvoch \u010dast\u00ed, pod\u013ea po\u017eiadaviek \u0160VP a pr\u00edloh ISCED 1. Koncepcia je zalo\u017een\u00e1 na hl\u00e1skovej-analiticko-syntetickej met\u00f3de. U\u010debnicu schv\u00e1lilo M\u0160VV a \u0160 SR 30.4.2021.lemz\u0151- \u00f6sszetev\u0151 m\u00f3dszer.<\/p>\n","protected":false},"excerpt":{"rendered":"<p>\u0160labik\u00e1r je spracovan\u00fd do dvoch \u010dast\u00ed, pod\u013ea po\u017eiadaviek \u0160VP a pr\u00edloh ISCED 1. Koncepcia je zalo\u017een\u00e1 na hl\u00e1skovej-analiticko-syntetickej met\u00f3de. U\u010debnicu schv\u00e1lilo M\u0160VV a \u0160 SR 30.4.2021. <a href=\"#ai1hu_01\" data-fb-id=\"ai1hu_01\" data-fb-fs=\"#ededed|95|true\" class=\"rfbwp-popup-book button \">Uk\u00e1\u017eka<\/a><\/p>\n","protected":false},"featured_media":2836,"template":"","meta":[],"product_cat":[286,290,350],"product_tag":[],"_links":{"self":[{"href":"https:\/\/terra-bratislava.sk\/sk\/wp-json\/wp\/v2\/product\/57346"}],"collection":[{"href":"https:\/\/terra-bratislava.sk\/sk\/wp-json\/wp\/v2\/product"}],"about":[{"href":"https:\/\/terra-bratislava.sk\/sk\/wp-json\/wp\/v2\/types\/product"}],"wp:featuredmedia":[{"embeddable":true,"href":"https:\/\/terra-bratislava.sk\/sk\/wp-json\/wp\/v2\/media\/2836"}],"wp:attachment":[{"href":"https:\/\/terra-bratislava.sk\/sk\/wp-json\/wp\/v2\/media?parent=57346"}],"wp:term":[{"taxonomy":"product_cat","embeddable":true,"href":"https:\/\/terra-bratislava.sk\/sk\/wp-json\/wp\/v2\/product_cat?post=57346"},{"taxonomy":"product_tag","embeddable":true,"href":"https:\/\/terra-bratislava.sk\/sk\/wp-json\/wp\/v2\/product_tag?post=57346"}],"curies":[{"name":"wp","href":"https:\/\/api.w.org\/{rel}","templated":true}]}}

Šlabikár- 1.časť

<p>Šlabikár je spracovaný do dvoch častí, podľa požiadaviek ŠVP a príloh ISCED 1. Koncepcia je založená na hláskovej-analiticko-syntetickej metóde. Učebnicu schválilo MŠVV a Š SR 30.4.2021.lemző- összetevő módszer.</p>

<p>Šlabikár je spracovaný do dvoch častí, podľa požiadaviek ŠVP a príloh ISCED 1. Koncepcia je založená na hláskovej-analiticko-syntetickej metóde. Učebnicu schválilo MŠVV a Š SR 30.4.2021. <a href="#ai1hu_01" data-fb-id="ai1hu_01" data-fb-fs="#ededed|95|true" class="rfbwp-popup-book button ">Ukážka</a></p>
