{"id":57348,"date":"2018-08-07T23:07:07","date_gmt":"2018-08-07T21:07:07","guid":{"rendered":"https:\/\/terra-bratislava.sk\/product\/szlovak-nyelv-az-ai-4-osztalya-szamara-modszertani-kezikonyv\/"},"modified":"2021-10-20T09:55:11","modified_gmt":"2021-10-20T07:55:11","slug":"szlovak-nyelv-az-ai-4-osztalya-szamara-modszertani-kezikonyv","status":"publish","type":"product","link":"https:\/\/terra-bratislava.sk\/sk\/produkt\/szlovak-nyelv-az-ai-4-osztalya-szamara-modszertani-kezikonyv\/","title":{"rendered":"Metodick\u00e1 pr\u00edru\u010dka k u\u010debniciam a pracovn\u00e9mu zo\u0161itu zo slovensk\u00e9ho jazyka pre 4.ro\u010dn\u00edk Z\u0160"},"content":{"rendered":"<p>Patr\u00ed k s\u00faboru Slovensk\u00fd jazyk pre 4.ro\u010dn\u00edk Z\u0160 s VJM a vysvet\u013euje koncepciu u\u010debnice a pracovn\u00e9ho zo\u0161ita.<\/p>\n","protected":false},"excerpt":{"rendered":"<p>Patr\u00ed k s\u00faboru Slovensk\u00fd jazyk pre 4.ro\u010dn\u00edk Z\u0160 s VJM a vysvet\u013euje koncepciu u\u010debnice a pracovn\u00e9ho zo\u0161ita.<\/p>\n","protected":false},"featured_media":3019,"template":"","meta":[],"product_cat":[295,296],"product_tag":[],"_links":{"self":[{"href":"https:\/\/terra-bratislava.sk\/sk\/wp-json\/wp\/v2\/product\/57348"}],"collection":[{"href":"https:\/\/terra-bratislava.sk\/sk\/wp-json\/wp\/v2\/product"}],"about":[{"href":"https:\/\/terra-bratislava.sk\/sk\/wp-json\/wp\/v2\/types\/product"}],"wp:featuredmedia":[{"embeddable":true,"href":"https:\/\/terra-bratislava.sk\/sk\/wp-json\/wp\/v2\/media\/3019"}],"wp:attachment":[{"href":"https:\/\/terra-bratislava.sk\/sk\/wp-json\/wp\/v2\/media?parent=57348"}],"wp:term":[{"taxonomy":"product_cat","embeddable":true,"href":"https:\/\/terra-bratislava.sk\/sk\/wp-json\/wp\/v2\/product_cat?post=57348"},{"taxonomy":"product_tag","embeddable":true,"href":"https:\/\/terra-bratislava.sk\/sk\/wp-json\/wp\/v2\/product_tag?post=57348"}],"curies":[{"name":"wp","href":"https:\/\/api.w.org\/{rel}","templated":true}]}}

Metodická príručka k učebniciam a pracovnému zošitu zo slovenského jazyka pre 4.ročník ZŠ

<p>Patrí k súboru Slovenský jazyk pre 4.ročník ZŠ s VJM a vysvetľuje koncepciu učebnice a pracovného zošita.</p>
