{"id":57349,"date":"2018-08-07T23:07:06","date_gmt":"2018-08-07T21:07:06","guid":{"rendered":"https:\/\/terra-bratislava.sk\/product\/szlovak-nyelv-az-ai-2-osztalya-szamara-modszertani-kezikonyv\/"},"modified":"2021-10-20T09:53:36","modified_gmt":"2021-10-20T07:53:36","slug":"szlovak-nyelv-az-ai-2-osztalya-szamara-modszertani-kezikonyv","status":"publish","type":"product","link":"https:\/\/terra-bratislava.sk\/sk\/produkt\/szlovak-nyelv-az-ai-2-osztalya-szamara-modszertani-kezikonyv\/","title":{"rendered":"Metodick\u00e1 pr\u00edru\u010dka k u\u010debniciam a pracovn\u00e9mu zo\u0161itu zo slovensk\u00e9ho jazyka pre 2.ro\u010dn\u00edk Z\u0160"},"content":{"rendered":"<p>Patr\u00ed k s\u00faboru Slovensk\u00fd jazyk pre 2.ro\u010dn\u00edk Z\u0160 s VJM a vysvet\u013euje koncepciu u\u010debnice a pracovn\u00e9ho zo\u0161ita.<\/p>\n","protected":false},"excerpt":{"rendered":"<p>Patr\u00ed k s\u00faboru Slovensk\u00fd jazyk pre 2. ro\u010dn\u00edk Z\u0160 s VJM a vysvet\u013euje koncepciu u\u010debnice a pracovn\u00e9ho zo\u0161ita.<\/p>\n","protected":false},"featured_media":3015,"template":"","meta":[],"product_cat":[295,296],"product_tag":[],"_links":{"self":[{"href":"https:\/\/terra-bratislava.sk\/sk\/wp-json\/wp\/v2\/product\/57349"}],"collection":[{"href":"https:\/\/terra-bratislava.sk\/sk\/wp-json\/wp\/v2\/product"}],"about":[{"href":"https:\/\/terra-bratislava.sk\/sk\/wp-json\/wp\/v2\/types\/product"}],"wp:featuredmedia":[{"embeddable":true,"href":"https:\/\/terra-bratislava.sk\/sk\/wp-json\/wp\/v2\/media\/3015"}],"wp:attachment":[{"href":"https:\/\/terra-bratislava.sk\/sk\/wp-json\/wp\/v2\/media?parent=57349"}],"wp:term":[{"taxonomy":"product_cat","embeddable":true,"href":"https:\/\/terra-bratislava.sk\/sk\/wp-json\/wp\/v2\/product_cat?post=57349"},{"taxonomy":"product_tag","embeddable":true,"href":"https:\/\/terra-bratislava.sk\/sk\/wp-json\/wp\/v2\/product_tag?post=57349"}],"curies":[{"name":"wp","href":"https:\/\/api.w.org\/{rel}","templated":true}]}}

Metodická príručka k učebniciam a pracovnému zošitu zo slovenského jazyka pre 2.ročník ZŠ

<p>Patrí k súboru Slovenský jazyk pre 2.ročník ZŠ s VJM a vysvetľuje koncepciu učebnice a pracovného zošita.</p>

<p>Patrí k súboru Slovenský jazyk pre 2. ročník ZŠ s VJM a vysvetľuje koncepciu učebnice a pracovného zošita.</p>
