{"id":57370,"date":"2018-08-07T23:06:52","date_gmt":"2018-08-07T21:06:52","guid":{"rendered":"https:\/\/terra-bratislava.sk\/product\/irodalom-tankonyv-a-gimnaziumok-es-szakkozepiskolak-1-osztalya-szama-ii-resz\/"},"modified":"2021-10-20T10:42:17","modified_gmt":"2021-10-20T08:42:17","slug":"irodalom-tankonyv-a-gimnaziumok-es-szakkozepiskolak-1-osztalya-szama-ii-resz","status":"publish","type":"product","link":"https:\/\/terra-bratislava.sk\/sk\/produkt\/irodalom-tankonyv-a-gimnaziumok-es-szakkozepiskolak-1-osztalya-szama-ii-resz\/","title":{"rendered":"Literat\u00fara- U\u010debnica pre 1.ro\u010dn\u00edk gymn\u00e1zi\u00ed a stredn\u00fdch odborn\u00fdch \u0161k\u00f4l &#8211; II.\u010das\u0165"},"content":{"rendered":"<p>U\u010debnica ma\u010farskej literat\u00fary pre 1. ro\u010dn\u00edk stredn\u00fdch \u0161k\u00f4l s ma\u010farsk\u00fdm vyu\u010dovac\u00edm jazykom ve\u013emi dobre vyu\u017e\u00edva mo\u017enosti, ktor\u00e9 pon\u00faka integr\u00e1cia u\u010debn\u00fdch predmetov, tak\u017ee literat\u00fara sa st\u00e1va aj prostriedkom komunik\u00e1cie a z\u00edskavania vedomost\u00ed t\u00fdkaj\u00facich sa re\u00e1lneho sveta. Dnes je v obsahov\u00fdch pravidl\u00e1ch vyu\u010dovania literat\u00fary potrebn\u00e9 urobi\u0165 z\u00e1sadn\u00e9 zmeny; vo svete, ktor\u00fd priniesol ve\u013ek\u00e9 zmeny v technol\u00f3gi\u00e1ch, soci\u00e1lnom \u017eivote a mnoh\u00fdch pr\u00edbuzn\u00fdch oblastiach, sa okrem tradi\u010dn\u00e9ho vyu\u010dovania literat\u00fary zameran\u00e9ho na verb\u00e1lnu komunik\u00e1ciu objavuj\u00fa texty vo viacer\u00fdch medi\u00e1lnych form\u00e1ch, napr\u00edklad integrovan\u00e9, obr\u00e1zkov\u00e9 a textov\u00e9  spracovanie inform\u00e1ci\u00ed vo vyu\u010dovan\u00ed literat\u00fary. Zmenila sa aj metodika vyu\u010dovania.<\/p>\n","protected":false},"excerpt":{"rendered":"<p>U\u010debnica ma\u010farskej literat\u00fary pre 1. ro\u010dn\u00edk stredn\u00fdch \u0161k\u00f4l s ma\u010farsk\u00fdm vyu\u010dovac\u00edm jazykom ve\u013emi dobre vyu\u017e\u00edva mo\u017enosti, ktor\u00e9 pon\u00faka integr\u00e1cia u\u010debn\u00fdch predmetov, tak\u017ee literat\u00fara sa st\u00e1va aj prostriedkom komunik\u00e1cie a z\u00edskavania vedomost\u00ed t\u00fdkaj\u00facich sa re\u00e1lneho sveta. Dnes je v obsahov\u00fdch pravidl\u00e1ch vyu\u010dovania literat\u00fary potrebn\u00e9 urobi\u0165 z\u00e1sadn\u00e9 zmeny; vo svete, ktor\u00fd priniesol ve\u013ek\u00e9 zmeny v technol\u00f3gi\u00e1ch, soci\u00e1lnom \u017eivote a mnoh\u00fdch pr\u00edbuzn\u00fdch oblastiach, sa okrem tradi\u010dn\u00e9ho vyu\u010dovania literat\u00fary zameran\u00e9ho na verb\u00e1lnu komunik\u00e1ciu objavuj\u00fa texty vo viacer\u00fdch medi\u00e1lnych form\u00e1ch, napr\u00edklad integrovan\u00e9, obr\u00e1zkov\u00e9 a textov\u00e9  spracovanie inform\u00e1ci\u00ed vo vyu\u010dovan\u00ed literat\u00fary. Zmenila sa aj metodika vyu\u010dovania.<\/p>\n","protected":false},"featured_media":2960,"template":"","meta":[],"product_cat":[323,316,324,315,291],"product_tag":[],"_links":{"self":[{"href":"https:\/\/terra-bratislava.sk\/sk\/wp-json\/wp\/v2\/product\/57370"}],"collection":[{"href":"https:\/\/terra-bratislava.sk\/sk\/wp-json\/wp\/v2\/product"}],"about":[{"href":"https:\/\/terra-bratislava.sk\/sk\/wp-json\/wp\/v2\/types\/product"}],"wp:featuredmedia":[{"embeddable":true,"href":"https:\/\/terra-bratislava.sk\/sk\/wp-json\/wp\/v2\/media\/2960"}],"wp:attachment":[{"href":"https:\/\/terra-bratislava.sk\/sk\/wp-json\/wp\/v2\/media?parent=57370"}],"wp:term":[{"taxonomy":"product_cat","embeddable":true,"href":"https:\/\/terra-bratislava.sk\/sk\/wp-json\/wp\/v2\/product_cat?post=57370"},{"taxonomy":"product_tag","embeddable":true,"href":"https:\/\/terra-bratislava.sk\/sk\/wp-json\/wp\/v2\/product_tag?post=57370"}],"curies":[{"name":"wp","href":"https:\/\/api.w.org\/{rel}","templated":true}]}}

Literatúra- Učebnica pre 1.ročník gymnázií a stredných odborných škôl &#8211; II.časť

<p>Učebnica maďarskej literatúry pre 1. ročník stredných škôl s maďarským vyučovacím jazykom veľmi dobre využíva možnosti, ktoré ponúka integrácia učebných predmetov, takže literatúra sa stáva aj prostriedkom komunikácie a získavania vedomostí týkajúcich sa reálneho sveta. Dnes je v obsahových pravidlách vyučovania literatúry potrebné urobiť zásadné zmeny; vo svete, ktorý priniesol veľké zmeny v technológiách, sociálnom živote a mnohých príbuzných oblastiach, sa okrem tradičného vyučovania literatúry zameraného na verbálnu komunikáciu objavujú texty vo viacerých mediálnych formách, napríklad integrované, obrázkové a textové  spracovanie informácií vo vyučovaní literatúry. Zmenila sa aj metodika vyučovania.</p>
