{"id":57378,"date":"2018-08-07T23:06:42","date_gmt":"2018-08-07T21:06:42","guid":{"rendered":"https:\/\/terra-bratislava.sk\/product\/irodalom-az-ai-7-osztalya-szamara\/"},"modified":"2021-10-20T10:49:50","modified_gmt":"2021-10-20T08:49:50","slug":"irodalom-az-ai-7-osztalya-szamara","status":"publish","type":"product","link":"https:\/\/terra-bratislava.sk\/sk\/produkt\/irodalom-az-ai-7-osztalya-szamara\/","title":{"rendered":"Literat\u00fara pre 7.ro\u010dn\u00edk Z\u0160"},"content":{"rendered":"<p>U\u010debnica je zalo\u017een\u00e1 na syst\u00e9me po\u017eiadaviek ISCED-2. Vedomosti z liter\u00e1rnej te\u00f3rie sa v u\u010debnici objavia v\u017edy po\u010das aplik\u00e1cie, aj s n\u00e1zorn\u00fdm vysvetlen\u00edm. Na konci kapitol vysvet\u013euj\u00face texty s\u00fahrnu \u00falohy pom\u00e1haj\u00fa syntetizova\u0165 a systematizova\u0165 nadobudnut\u00e9 vedomosti. U\u010debnica pozost\u00e1va zo \u0161iestich, chronologicky zostaven\u00fdch kapitol. \u0160trukt\u00fara u\u010debnice je zalo\u017een\u00e1 na chronologickom spracovan\u00ed. Novinkou zo \u0161truktur\u00e1lneho h\u013eadiska a odklonom od tradi\u010dn\u00e9ho je, \u017ee sa zameriava na integr\u00e1ciu predmetov pomocou vymo\u017eenost\u00ed poskytovan\u00fdch po\u010d\u00edta\u010dom. U\u010debnica bola v roku 2019 prepracovan\u00e1.<\/p>\n","protected":false},"excerpt":{"rendered":"<p>U\u010debnica je zalo\u017een\u00e1 na syst\u00e9me po\u017eiadaviek ISCED-2. Vedomosti z liter\u00e1rnej te\u00f3rie sa v u\u010debnici objavia v\u017edy po\u010das aplik\u00e1cie, aj s n\u00e1zorn\u00fdm vysvetlen\u00edm. Na konci kapitol vysvet\u013euj\u00face texty s\u00fahrnu \u00falohy pom\u00e1haj\u00fa syntetizova\u0165 a systematizova\u0165 nadobudnut\u00e9 vedomosti. U\u010debnica pozost\u00e1va zo \u0161iestich, chronologicky zostaven\u00fdch kapitol. \u0160trukt\u00fara u\u010debnice je zalo\u017een\u00e1 na chronologickom spracovan\u00ed. Novinkou zo \u0161truktur\u00e1lneho h\u013eadiska a odklonom od tradi\u010dn\u00e9ho je, \u017ee sa zameriava na integr\u00e1ciu predmetov pomocou vymo\u017eenost\u00ed poskytovan\u00fdch po\u010d\u00edta\u010dom. U\u010debnica bola v roku 2019 prepracovan\u00e1.<\/p>\n","protected":false},"featured_media":2938,"template":"","meta":[],"product_cat":[334,388,335,350,291,292],"product_tag":[],"_links":{"self":[{"href":"https:\/\/terra-bratislava.sk\/sk\/wp-json\/wp\/v2\/product\/57378"}],"collection":[{"href":"https:\/\/terra-bratislava.sk\/sk\/wp-json\/wp\/v2\/product"}],"about":[{"href":"https:\/\/terra-bratislava.sk\/sk\/wp-json\/wp\/v2\/types\/product"}],"wp:featuredmedia":[{"embeddable":true,"href":"https:\/\/terra-bratislava.sk\/sk\/wp-json\/wp\/v2\/media\/2938"}],"wp:attachment":[{"href":"https:\/\/terra-bratislava.sk\/sk\/wp-json\/wp\/v2\/media?parent=57378"}],"wp:term":[{"taxonomy":"product_cat","embeddable":true,"href":"https:\/\/terra-bratislava.sk\/sk\/wp-json\/wp\/v2\/product_cat?post=57378"},{"taxonomy":"product_tag","embeddable":true,"href":"https:\/\/terra-bratislava.sk\/sk\/wp-json\/wp\/v2\/product_tag?post=57378"}],"curies":[{"name":"wp","href":"https:\/\/api.w.org\/{rel}","templated":true}]}}

Literatúra pre 7.ročník ZŠ

<p>Učebnica je založená na systéme požiadaviek ISCED-2. Vedomosti z literárnej teórie sa v učebnici objavia vždy počas aplikácie, aj s názorným vysvetlením. Na konci kapitol vysvetľujúce texty súhrnu úlohy pomáhajú syntetizovať a systematizovať nadobudnuté vedomosti. Učebnica pozostáva zo šiestich, chronologicky zostavených kapitol. Štruktúra učebnice je založená na chronologickom spracovaní. Novinkou zo štrukturálneho hľadiska a odklonom od tradičného je, že sa zameriava na integráciu predmetov pomocou vymožeností poskytovaných počítačom. Učebnica bola v roku 2019 prepracovaná.</p>
