{"id":57393,"date":"2018-08-07T23:06:31","date_gmt":"2018-08-07T21:06:31","guid":{"rendered":"https:\/\/terra-bratislava.sk\/product\/feladatgyujtemeny-2-resz-szlovak-nyelv-az-ai-3-osztalya-szamara\/"},"modified":"2021-10-20T11:07:05","modified_gmt":"2021-10-20T09:07:05","slug":"feladatgyujtemeny-2-resz-szlovak-nyelv-az-ai-3-osztalya-szamara","status":"publish","type":"product","link":"https:\/\/terra-bratislava.sk\/sk\/produkt\/feladatgyujtemeny-2-resz-szlovak-nyelv-az-ai-3-osztalya-szamara\/","title":{"rendered":"Zbierka \u00faloh a cvi\u010den\u00ed zo slovensk\u00e9ho jazyka  pre 2.-4.ro\u010dn\u00edk Z\u0160  2.\u010das\u0165"},"content":{"rendered":"<p>Zbierka obsahuje \u00falohy a cvi\u010denia rozv\u00edjaj\u00face slovn\u00fa z\u00e1sobu,aplika\u010dn\u00e1 \u00falohy,\u00falohy na rozvoj \u010d\u00edtania s porozumen\u00edm a primeran\u00e9 \u00falohy na precvi\u010denie niektor\u00fdch gramatick\u00fdch javov.<\/p>\n","protected":false},"excerpt":{"rendered":"<p>Zbierka obsahuje \u00falohy a cvi\u010denia rozv\u00edjaj\u00face slovn\u00fa z\u00e1sobu, aplika\u010dn\u00e1 \u00falohy, \u00falohy na rozvoj \u010d\u00edtania s porozumen\u00edm a primeran\u00e9 \u00falohy na precvi\u010denie niektor\u00fdch gramatick\u00fdch javov.<\/p>\n","protected":false},"featured_media":2912,"template":"","meta":[],"product_cat":[360,361,350,362,291,292],"product_tag":[],"_links":{"self":[{"href":"https:\/\/terra-bratislava.sk\/sk\/wp-json\/wp\/v2\/product\/57393"}],"collection":[{"href":"https:\/\/terra-bratislava.sk\/sk\/wp-json\/wp\/v2\/product"}],"about":[{"href":"https:\/\/terra-bratislava.sk\/sk\/wp-json\/wp\/v2\/types\/product"}],"wp:featuredmedia":[{"embeddable":true,"href":"https:\/\/terra-bratislava.sk\/sk\/wp-json\/wp\/v2\/media\/2912"}],"wp:attachment":[{"href":"https:\/\/terra-bratislava.sk\/sk\/wp-json\/wp\/v2\/media?parent=57393"}],"wp:term":[{"taxonomy":"product_cat","embeddable":true,"href":"https:\/\/terra-bratislava.sk\/sk\/wp-json\/wp\/v2\/product_cat?post=57393"},{"taxonomy":"product_tag","embeddable":true,"href":"https:\/\/terra-bratislava.sk\/sk\/wp-json\/wp\/v2\/product_tag?post=57393"}],"curies":[{"name":"wp","href":"https:\/\/api.w.org\/{rel}","templated":true}]}}

Zbierka úloh a cvičení zo slovenského jazyka  pre 2.-4.ročník ZŠ  2.časť

<p>Zbierka obsahuje úlohy a cvičenia rozvíjajúce slovnú zásobu,aplikačná úlohy,úlohy na rozvoj čítania s porozumením a primerané úlohy na precvičenie niektorých gramatických javov.</p>

<p>Zbierka obsahuje úlohy a cvičenia rozvíjajúce slovnú zásobu, aplikačná úlohy, úlohy na rozvoj čítania s porozumením a primerané úlohy na precvičenie niektorých gramatických javov.</p>
